{"id":256,"date":"2025-02-09T14:00:41","date_gmt":"2025-02-09T14:00:41","guid":{"rendered":"https:\/\/schtetlstimmen.kzrme.de\/?page_id=256"},"modified":"2025-08-09T09:43:31","modified_gmt":"2025-08-09T09:43:31","slug":"team","status":"publish","type":"page","link":"https:\/\/schtetlstimmen.kzrme.de\/index.php\/team\/","title":{"rendered":"Das Team"},"content":{"rendered":"\t\t<div data-elementor-type=\"wp-page\" data-elementor-id=\"256\" class=\"elementor elementor-256\">\n\t\t\t\t<div class=\"elementor-element elementor-element-14cd6aa e-con-full e-flex e-con e-parent\" data-id=\"14cd6aa\" data-element_type=\"container\" data-e-type=\"container\" data-settings=\"{&quot;background_background&quot;:&quot;classic&quot;}\">\n\t\t\t\t<div class=\"elementor-element elementor-element-5a07273 elementor-widget elementor-widget-text-editor\" data-id=\"5a07273\" data-element_type=\"widget\" data-e-type=\"widget\" data-widget_type=\"text-editor.default\">\n\t\t\t\t<div class=\"elementor-widget-container\">\n\t\t\t\t\t\t\t\t\t<p style=\"text-align: left;\"><span style=\"color: #ae9363;\"><strong>Das Projektteam besteht aus den Musikern des Duos<br \/><img decoding=\"async\" class=\"alignnone wp-image-167\" src=\"https:\/\/schtetlstimmen.kzrme.de\/wp-content\/uploads\/2025\/02\/kzrme-hell-trans-300x94.png\" alt=\"\" width=\"207\" height=\"65\" srcset=\"https:\/\/schtetlstimmen.kzrme.de\/wp-content\/uploads\/2025\/02\/kzrme-hell-trans-300x94.png 300w, https:\/\/schtetlstimmen.kzrme.de\/wp-content\/uploads\/2025\/02\/elementor\/thumbs\/kzrme-hell-trans-r17qkffzj2vzlpp32l08mhnc08pfwbo2c5vwpjsbw6.png 100w, https:\/\/schtetlstimmen.kzrme.de\/wp-content\/uploads\/2025\/02\/kzrme-hell-trans.png 371w\" sizes=\"(max-width: 207px) 100vw, 207px\" \/><\/strong><\/span><\/p>\t\t\t\t\t\t\t\t<\/div>\n\t\t\t\t<\/div>\n\t\t<div class=\"elementor-element elementor-element-92498f2 e-con-full e-flex e-con e-child\" data-id=\"92498f2\" data-element_type=\"container\" data-e-type=\"container\">\n\t\t<div class=\"elementor-element elementor-element-4821038 e-grid e-con-full e-con e-child\" data-id=\"4821038\" data-element_type=\"container\" data-e-type=\"container\">\n\t\t\t\t<div class=\"elementor-element elementor-element-e411c9f elementor-widget elementor-widget-image\" data-id=\"e411c9f\" data-element_type=\"widget\" data-e-type=\"widget\" data-widget_type=\"image.default\">\n\t\t\t\t<div class=\"elementor-widget-container\">\n\t\t\t\t\t\t\t\t\t\t\t\t\t\t\t<img decoding=\"async\" src=\"https:\/\/schtetlstimmen.kzrme.de\/wp-content\/uploads\/elementor\/thumbs\/Musikprojekt_Farbe_grosler__Web_Res-20-scaled-r4jsz4qhgs7wvffrs0hgynijpqmu196v05zl9231gc.jpg\" title=\"Markus Emanuel Zaja (Klarinette) &#8211; \u00a9 k\u1e91rme | Foto: Michael Grosler 2025\" alt=\"Markus Emanuel Zaja (Klarinette) - \u00a9 k\u1e91rme | Foto: Michael Grosler 2025\" loading=\"lazy\" \/>\t\t\t\t\t\t\t\t\t\t\t\t\t\t\t<\/div>\n\t\t\t\t<\/div>\n\t\t\t\t<div class=\"elementor-element elementor-element-de58efc elementor-widget elementor-widget-text-editor\" data-id=\"de58efc\" data-element_type=\"widget\" data-e-type=\"widget\" data-widget_type=\"text-editor.default\">\n\t\t\t\t<div class=\"elementor-widget-container\">\n\t\t\t\t\t\t\t\t\t<p style=\"text-align: left;\"><span style=\"color: #ae9363;\"><a style=\"color: #974845;\" href=\"https:\/\/schtetlstimmen.kzrme.de\/index.php\/team\/mez\/\"><strong>Markus Emanuel Zaja<\/strong><\/a><br \/>Klarinette<\/span><\/p>\t\t\t\t\t\t\t\t<\/div>\n\t\t\t\t<\/div>\n\t\t\t\t<\/div>\n\t\t<div class=\"elementor-element elementor-element-f80e019 e-con-full e-grid e-con e-child\" data-id=\"f80e019\" data-element_type=\"container\" data-e-type=\"container\">\n\t\t\t\t<div class=\"elementor-element elementor-element-5ea1e4f elementor-widget elementor-widget-image\" data-id=\"5ea1e4f\" data-element_type=\"widget\" data-e-type=\"widget\" data-widget_type=\"image.default\">\n\t\t\t\t<div class=\"elementor-widget-container\">\n\t\t\t\t\t\t\t\t\t\t\t\t\t\t\t<img decoding=\"async\" src=\"https:\/\/schtetlstimmen.kzrme.de\/wp-content\/uploads\/elementor\/thumbs\/Musikprojekt_Farbe_grosler__Web_Res-18-scaled-r4jt18veud3aaycqxbdk9yjv96j9fwmceel6315q1e.jpg\" title=\"Ralf Kaupenjohann (Akkordeon) &#8211; \u00a9 k\u1e91rme | Foto: Michael Grosler 2025\" alt=\"Ralf Kaupenjohann (Akkordeon) - \u00a9 k\u1e91rme | Foto: Michael Grosler 2025\" loading=\"lazy\" \/>\t\t\t\t\t\t\t\t\t\t\t\t\t\t\t<\/div>\n\t\t\t\t<\/div>\n\t\t\t\t<div class=\"elementor-element elementor-element-bc8cd2d elementor-widget elementor-widget-text-editor\" data-id=\"bc8cd2d\" data-element_type=\"widget\" data-e-type=\"widget\" data-widget_type=\"text-editor.default\">\n\t\t\t\t<div class=\"elementor-widget-container\">\n\t\t\t\t\t\t\t\t\t<p style=\"text-align: left;\"><span style=\"color: #ae9363;\"><a style=\"color: #974845;\" href=\"https:\/\/schtetlstimmen.kzrme.de\/index.php\/team\/rk\/\"><strong>Ralf Kaupenjohann<\/strong><\/a><br \/>Akkordeon<\/span><\/p>\t\t\t\t\t\t\t\t<\/div>\n\t\t\t\t<\/div>\n\t\t\t\t<\/div>\n\t\t<div class=\"elementor-element elementor-element-809dc19 e-grid e-con-full e-con e-child\" data-id=\"809dc19\" data-element_type=\"container\" data-e-type=\"container\">\n\t\t\t\t<div class=\"elementor-element elementor-element-cdf93af elementor-widget elementor-widget-image\" data-id=\"cdf93af\" data-element_type=\"widget\" data-e-type=\"widget\" data-widget_type=\"image.default\">\n\t\t\t\t<div class=\"elementor-widget-container\">\n\t\t\t\t\t\t\t\t\t\t\t\t\t\t\t<img decoding=\"async\" src=\"https:\/\/schtetlstimmen.kzrme.de\/wp-content\/uploads\/elementor\/thumbs\/Musikprojekt_Farbe_grosler_Print_Res-21-scaled-r5xm99l0khftav58m4el64s3blt09tid99kbg33eos.jpg\" title=\"Esther M\u00fcnch (Stimme und Gesang) &#8211; \u00a9 k\u1e91rme | Foto: Michael Grosler 2025\" alt=\"Esther M\u00fcnch (Stimme und Gesang) - \u00a9 k\u1e91rme | Foto: Michael Grosler 2025\" loading=\"lazy\" \/>\t\t\t\t\t\t\t\t\t\t\t\t\t\t\t<\/div>\n\t\t\t\t<\/div>\n\t\t\t\t<div class=\"elementor-element elementor-element-6b3426e elementor-widget elementor-widget-text-editor\" data-id=\"6b3426e\" data-element_type=\"widget\" data-e-type=\"widget\" data-widget_type=\"text-editor.default\">\n\t\t\t\t<div class=\"elementor-widget-container\">\n\t\t\t\t\t\t\t\t\t<p style=\"text-align: left;\"><span style=\"color: #ae9363;\">und der S\u00e4ngerin und Darstellerin<a style=\"color: #974845;\" href=\"https:\/\/schtetlstimmen.kzrme.de\/index.php\/team\/em\/\"><strong><br \/>Esther M\u00fcnch<\/strong><\/a><\/span><\/p>\t\t\t\t\t\t\t\t<\/div>\n\t\t\t\t<\/div>\n\t\t\t\t<\/div>\n\t\t<div class=\"elementor-element elementor-element-6137cd3 e-grid e-con-full e-con e-child\" data-id=\"6137cd3\" data-element_type=\"container\" data-e-type=\"container\">\n\t\t\t\t<div class=\"elementor-element elementor-element-067acc7 elementor-widget elementor-widget-image\" data-id=\"067acc7\" data-element_type=\"widget\" data-e-type=\"widget\" data-widget_type=\"image.default\">\n\t\t\t\t<div class=\"elementor-widget-container\">\n\t\t\t\t\t\t\t\t\t\t\t\t\t\t\t<img decoding=\"async\" src=\"https:\/\/schtetlstimmen.kzrme.de\/wp-content\/uploads\/elementor\/thumbs\/eg-IMG_6157-4-zu-6-r4x8jzxivrn8tc3683b00l3xjwjovv6mi2026ds8po.jpg\" title=\"Dr. Elvira Gr\u00f6zinger &#8211; \u00a9 k\u1e91rme 2025\" alt=\"Dr. Elvira Gr\u00f6zinger - \u00a9 k\u1e91rme 2025\" loading=\"lazy\" \/>\t\t\t\t\t\t\t\t\t\t\t\t\t\t\t<\/div>\n\t\t\t\t<\/div>\n\t\t\t\t<div class=\"elementor-element elementor-element-f949826 elementor-widget elementor-widget-text-editor\" data-id=\"f949826\" data-element_type=\"widget\" data-e-type=\"widget\" data-widget_type=\"text-editor.default\">\n\t\t\t\t<div class=\"elementor-widget-container\">\n\t\t\t\t\t\t\t\t\t<p style=\"text-align: left;\"><span style=\"color: #ae9363;\">Die Jiddistin und Autorin\n<strong><a style=\"color: #974845;\" href=\"https:\/\/schtetlstimmen.kzrme.de\/index.php\/team\/eg\/\"><br>\nDr. Elvira Gr\u00f6zinger<\/a><br>\n<\/strong> erz\u00e4hlt die Geschichte der Lieder-Sammlung.\n<\/span><\/p>\t\t\t\t\t\t\t\t<\/div>\n\t\t\t\t<\/div>\n\t\t\t\t<\/div>\n\t\t\t\t<\/div>\n\t\t\t\t<\/div>\n\t\t\t\t<\/div>\n\t\t","protected":false},"excerpt":{"rendered":"<p>Das Projektteam besteht aus den Musikern des Duos Markus Emanuel ZajaKlarinette Ralf KaupenjohannAkkordeon und der S\u00e4ngerin und DarstellerinEsther M\u00fcnch Die Jiddistin und Autorin Dr. Elvira Gr\u00f6zinger erz\u00e4hlt die Geschichte der Lieder-Sammlung.<\/p>\n","protected":false},"author":1,"featured_media":0,"parent":0,"menu_order":0,"comment_status":"closed","ping_status":"closed","template":"","meta":{"footnotes":""},"class_list":["post-256","page","type-page","status-publish"],"_links":{"self":[{"href":"https:\/\/schtetlstimmen.kzrme.de\/index.php\/wp-json\/wp\/v2\/page\/256","targetHints":{"allow":["GET"]}}],"collection":[{"href":"https:\/\/schtetlstimmen.kzrme.de\/index.php\/wp-json\/wp\/v2\/page"}],"about":[{"href":"https:\/\/schtetlstimmen.kzrme.de\/index.php\/wp-json\/wp\/v2\/types\/page"}],"author":[{"embeddable":true,"href":"https:\/\/schtetlstimmen.kzrme.de\/index.php\/wp-json\/wp\/v2\/users\/1"}],"replies":[{"embeddable":true,"href":"https:\/\/schtetlstimmen.kzrme.de\/index.php\/wp-json\/wp\/v2\/comments?post=256"}],"version-history":[{"count":154,"href":"https:\/\/schtetlstimmen.kzrme.de\/index.php\/wp-json\/wp\/v2\/page\/256\/revisions"}],"predecessor-version":[{"id":1175,"href":"https:\/\/schtetlstimmen.kzrme.de\/index.php\/wp-json\/wp\/v2\/page\/256\/revisions\/1175"}],"wp:attachment":[{"href":"https:\/\/schtetlstimmen.kzrme.de\/index.php\/wp-json\/wp\/v2\/media?parent=256"}],"curies":[{"name":"wp","href":"https:\/\/api.w.org\/{rel}","templated":true}]}}

<div data-elementor-type="wp-page" data-elementor-id="256" class="elementor elementor-256">
				<div class="elementor-element elementor-element-14cd6aa e-con-full e-flex e-con e-parent" data-id="14cd6aa" data-element_type="container" data-e-type="container" data-settings="{&quot;background_background&quot;:&quot;classic&quot;}">
				<div class="elementor-element elementor-element-5a07273 elementor-widget elementor-widget-text-editor" data-id="5a07273" data-element_type="widget" data-e-type="widget" data-widget_type="text-editor.default">
				<div class="elementor-widget-container">
									<p style="text-align: left;"><span style="color: #ae9363;"><strong>Das Projektteam besteht aus den Musikern des Duos<br /><img decoding="async" class="alignnone wp-image-167" src="https://schtetlstimmen.kzrme.de/wp-content/uploads/2025/02/kzrme-hell-trans-300x94.png" alt="" width="207" height="65" srcset="https://schtetlstimmen.kzrme.de/wp-content/uploads/2025/02/kzrme-hell-trans-300x94.png 300w, https://schtetlstimmen.kzrme.de/wp-content/uploads/2025/02/elementor/thumbs/kzrme-hell-trans-r17qkffzj2vzlpp32l08mhnc08pfwbo2c5vwpjsbw6.png 100w, https://schtetlstimmen.kzrme.de/wp-content/uploads/2025/02/kzrme-hell-trans.png 371w" sizes="(max-width: 207px) 100vw, 207px" /></strong></span></p>								</div>
				</div>
		<div class="elementor-element elementor-element-92498f2 e-con-full e-flex e-con e-child" data-id="92498f2" data-element_type="container" data-e-type="container">
		<div class="elementor-element elementor-element-4821038 e-grid e-con-full e-con e-child" data-id="4821038" data-element_type="container" data-e-type="container">
				<div class="elementor-element elementor-element-e411c9f elementor-widget elementor-widget-image" data-id="e411c9f" data-element_type="widget" data-e-type="widget" data-widget_type="image.default">
				<div class="elementor-widget-container">
															<img decoding="async" src="https://schtetlstimmen.kzrme.de/wp-content/uploads/elementor/thumbs/Musikprojekt_Farbe_grosler__Web_Res-20-scaled-r4jsz4qhgs7wvffrs0hgynijpqmu196v05zl9231gc.jpg" title="Markus Emanuel Zaja (Klarinette) &#8211; © kẑrme | Foto: Michael Grosler 2025" alt="Markus Emanuel Zaja (Klarinette) - © kẑrme | Foto: Michael Grosler 2025" loading="lazy" />															</div>
				</div>
				<div class="elementor-element elementor-element-de58efc elementor-widget elementor-widget-text-editor" data-id="de58efc" data-element_type="widget" data-e-type="widget" data-widget_type="text-editor.default">
				<div class="elementor-widget-container">
									<p style="text-align: left;"><span style="color: #ae9363;"><a style="color: #974845;" href="https://schtetlstimmen.kzrme.de/index.php/team/mez/"><strong>Markus Emanuel Zaja</strong></a><br />Klarinette</span></p>								</div>
				</div>
				</div>
		<div class="elementor-element elementor-element-f80e019 e-con-full e-grid e-con e-child" data-id="f80e019" data-element_type="container" data-e-type="container">
				<div class="elementor-element elementor-element-5ea1e4f elementor-widget elementor-widget-image" data-id="5ea1e4f" data-element_type="widget" data-e-type="widget" data-widget_type="image.default">
				<div class="elementor-widget-container">
															<img decoding="async" src="https://schtetlstimmen.kzrme.de/wp-content/uploads/elementor/thumbs/Musikprojekt_Farbe_grosler__Web_Res-18-scaled-r4jt18veud3aaycqxbdk9yjv96j9fwmceel6315q1e.jpg" title="Ralf Kaupenjohann (Akkordeon) &#8211; © kẑrme | Foto: Michael Grosler 2025" alt="Ralf Kaupenjohann (Akkordeon) - © kẑrme | Foto: Michael Grosler 2025" loading="lazy" />															</div>
				</div>
				<div class="elementor-element elementor-element-bc8cd2d elementor-widget elementor-widget-text-editor" data-id="bc8cd2d" data-element_type="widget" data-e-type="widget" data-widget_type="text-editor.default">
				<div class="elementor-widget-container">
									<p style="text-align: left;"><span style="color: #ae9363;"><a style="color: #974845;" href="https://schtetlstimmen.kzrme.de/index.php/team/rk/"><strong>Ralf Kaupenjohann</strong></a><br />Akkordeon</span></p>								</div>
				</div>
				</div>
		<div class="elementor-element elementor-element-809dc19 e-grid e-con-full e-con e-child" data-id="809dc19" data-element_type="container" data-e-type="container">
				<div class="elementor-element elementor-element-cdf93af elementor-widget elementor-widget-image" data-id="cdf93af" data-element_type="widget" data-e-type="widget" data-widget_type="image.default">
				<div class="elementor-widget-container">
															<img decoding="async" src="https://schtetlstimmen.kzrme.de/wp-content/uploads/elementor/thumbs/Musikprojekt_Farbe_grosler_Print_Res-21-scaled-r5xm99l0khftav58m4el64s3blt09tid99kbg33eos.jpg" title="Esther Münch (Stimme und Gesang) &#8211; © kẑrme | Foto: Michael Grosler 2025" alt="Esther Münch (Stimme und Gesang) - © kẑrme | Foto: Michael Grosler 2025" loading="lazy" />															</div>
				</div>
				<div class="elementor-element elementor-element-6b3426e elementor-widget elementor-widget-text-editor" data-id="6b3426e" data-element_type="widget" data-e-type="widget" data-widget_type="text-editor.default">
				<div class="elementor-widget-container">
									<p style="text-align: left;"><span style="color: #ae9363;">und der Sängerin und Darstellerin<a style="color: #974845;" href="https://schtetlstimmen.kzrme.de/index.php/team/em/"><strong><br />Esther Münch</strong></a></span></p>								</div>
				</div>
				</div>
		<div class="elementor-element elementor-element-6137cd3 e-grid e-con-full e-con e-child" data-id="6137cd3" data-element_type="container" data-e-type="container">
				<div class="elementor-element elementor-element-067acc7 elementor-widget elementor-widget-image" data-id="067acc7" data-element_type="widget" data-e-type="widget" data-widget_type="image.default">
				<div class="elementor-widget-container">
															<img decoding="async" src="https://schtetlstimmen.kzrme.de/wp-content/uploads/elementor/thumbs/eg-IMG_6157-4-zu-6-r4x8jzxivrn8tc3683b00l3xjwjovv6mi2026ds8po.jpg" title="Dr. Elvira Grözinger &#8211; © kẑrme 2025" alt="Dr. Elvira Grözinger - © kẑrme 2025" loading="lazy" />															</div>
				</div>
				<div class="elementor-element elementor-element-f949826 elementor-widget elementor-widget-text-editor" data-id="f949826" data-element_type="widget" data-e-type="widget" data-widget_type="text-editor.default">
				<div class="elementor-widget-container">
									<p style="text-align: left;"><span style="color: #ae9363;">Die Jiddistin und Autorin
<strong><a style="color: #974845;" href="https://schtetlstimmen.kzrme.de/index.php/team/eg/"><br>
Dr. Elvira Grözinger</a><br>
</strong> erzählt die Geschichte der Lieder-Sammlung.
</span></p>								</div>
				</div>
				</div>
				</div>
				</div>
				</div>

<p>Das Projektteam besteht aus den Musikern des Duos Markus Emanuel ZajaKlarinette Ralf KaupenjohannAkkordeon und der Sängerin und DarstellerinEsther Münch Die Jiddistin und Autorin Dr. Elvira Grözinger erzählt die Geschichte der Lieder-Sammlung.</p>
