{"id":922,"date":"2025-05-12T20:49:30","date_gmt":"2025-05-12T20:49:30","guid":{"rendered":"https:\/\/schtetlstimmen.kzrme.de\/?page_id=922"},"modified":"2025-05-29T19:07:04","modified_gmt":"2025-05-29T19:07:04","slug":"impressum","status":"publish","type":"page","link":"https:\/\/schtetlstimmen.kzrme.de\/index.php\/impressum\/","title":{"rendered":"Impressum"},"content":{"rendered":"\t\t<div data-elementor-type=\"wp-page\" data-elementor-id=\"922\" class=\"elementor elementor-922\">\n\t\t\t\t<div class=\"elementor-element elementor-element-14cd6aa e-con-full e-flex e-con e-parent\" data-id=\"14cd6aa\" data-element_type=\"container\" data-e-type=\"container\" data-settings=\"{&quot;background_background&quot;:&quot;classic&quot;}\">\n\t\t\t\t<div class=\"elementor-element elementor-element-5a07273 elementor-widget elementor-widget-text-editor\" data-id=\"5a07273\" data-element_type=\"widget\" data-e-type=\"widget\" data-widget_type=\"text-editor.default\">\n\t\t\t\t<div class=\"elementor-widget-container\">\n\t\t\t\t\t\t\t\t\t<p style=\"text-align: left;\"><span style=\"color: #ae9363;\">c\/o Ralf Kaupenjohann<br \/>Wuppertaler Str. 424 b<br \/>D-45259 Essen<br \/>+49 (0)201 | 46 72 76<br \/><\/span><\/p><p><span style=\"color: #ae9363;\"><a style=\"color: #974845;\" href=\"mailto:info@kzrme.de\">info@kzrme.de<\/a><\/span><\/p><p style=\"text-align: left;\"><span style=\"color: #ae9363;\"><strong>Haftungsauschluss<\/strong><\/span><\/p><p style=\"text-align: left;\"><span style=\"color: #ae9363;\">Eine Haftung oder eine Garantie f\u00fcr Vollst\u00e4ndigkeit, Richtigkeit und Aktualit\u00e4t der Informationen und Daten k\u00f6nnen wir nicht \u00fcbernehmen. Diese Einschr\u00e4nkung gilt ebenso f\u00fcr alle anderen Webseiten, auf die von der Webseite schtetlstimmen.kzrme.de aus verlinkt wird. k\u1e91rme ist auch nicht verantwortlich f\u00fcr Webseiten, die \u00fcber einen Hyperlink erreicht werden.<\/span><\/p><p style=\"text-align: left;\"><span style=\"color: #ae9363;\">k\u1e91rme beh\u00e4lt sich au\u00dferdem vor, \u00c4nderungen, Verbesserungen oder Erg\u00e4nzungen der bereitgestellten Informationen oder Daten ohne Ank\u00fcndigung vorzunehmen.<\/span><\/p><p style=\"text-align: left;\"><span style=\"color: #ae9363;\">Der Inhalt der Webseite schtetlstimmen.kzrme.de ist urheberrechtlich gesch\u00fctzt, die Vervielf\u00e4ltigung von Informationen oder Daten, insbesondere die Verwendung von Texten, Textteilen oder Bildmaterial bedarf der vorherigen Zustimmung von k\u1e91rme.<\/span><\/p><p style=\"text-align: left;\"><span style=\"color: #ae9363;\">S\u00e4mtliche Informationen oder Daten, ihre Nutzung sowie s\u00e4mtliches Tun, Dulden oder Unterlassen, das mit der Website schtetlstimmen.kzrme.de zusammenh\u00e4ngt, unterliegen ausschlie\u00dflich deutschem Recht.<\/span><\/p><p style=\"text-align: left;\"><span style=\"color: #ae9363;\"><strong>Webumsetzung<\/strong><\/span><\/p><p style=\"text-align: left;\"><a style=\"color: #974845;\" href=\"https:\/\/www.netzlaboranten.de\/\" target=\"_blank\" rel=\"noopener\">netzlaboranten<\/a><\/p>\t\t\t\t\t\t\t\t<\/div>\n\t\t\t\t<\/div>\n\t\t<div class=\"elementor-element elementor-element-49ea46a e-con-full e-flex e-con e-child\" data-id=\"49ea46a\" data-element_type=\"container\" data-e-type=\"container\">\n\t\t\t\t<div class=\"elementor-element elementor-element-e855518 elementor-widget elementor-widget-image\" data-id=\"e855518\" data-element_type=\"widget\" data-e-type=\"widget\" data-widget_type=\"image.default\">\n\t\t\t\t<div class=\"elementor-widget-container\">\n\t\t\t\t\t\t\t\t\t\t\t\t\t\t\t<img decoding=\"async\" src=\"https:\/\/schtetlstimmen.kzrme.de\/wp-content\/uploads\/elementor\/thumbs\/kzrme-hell-trans-r17qkffzj2vzlpp32l08mhnc08pfwbo2c5vwpjsbw6.png\" title=\"Logo des Duo k\u1e91rme\" alt=\"Logo des Duo k\u1e91rme\" loading=\"lazy\" \/>\t\t\t\t\t\t\t\t\t\t\t\t\t\t\t<\/div>\n\t\t\t\t<\/div>\n\t\t\t\t<\/div>\n\t\t\t\t<\/div>\n\t\t<div class=\"elementor-element elementor-element-3814c19 e-flex e-con-boxed e-con e-parent\" data-id=\"3814c19\" data-element_type=\"container\" data-e-type=\"container\">\n\t\t\t\t\t<div class=\"e-con-inner\">\n\t\t\t\t\t<\/div>\n\t\t\t\t<\/div>\n\t\t\t\t<\/div>\n\t\t","protected":false},"excerpt":{"rendered":"<p>c\/o Ralf KaupenjohannWuppertaler Str. 424 bD-45259 Essen+49 (0)201 | 46 72 76 info@kzrme.de Haftungsauschluss Eine Haftung oder eine Garantie f\u00fcr Vollst\u00e4ndigkeit, Richtigkeit und Aktualit\u00e4t der Informationen und Daten k\u00f6nnen wir nicht \u00fcbernehmen. Diese Einschr\u00e4nkung gilt ebenso f\u00fcr alle anderen Webseiten, auf die von der Webseite schtetlstimmen.kzrme.de aus verlinkt wird. k\u1e91rme ist auch nicht verantwortlich f\u00fcr [&hellip;]<\/p>\n","protected":false},"author":1,"featured_media":0,"parent":0,"menu_order":0,"comment_status":"closed","ping_status":"closed","template":"","meta":{"footnotes":""},"class_list":["post-922","page","type-page","status-publish"],"_links":{"self":[{"href":"https:\/\/schtetlstimmen.kzrme.de\/index.php\/wp-json\/wp\/v2\/page\/922","targetHints":{"allow":["GET"]}}],"collection":[{"href":"https:\/\/schtetlstimmen.kzrme.de\/index.php\/wp-json\/wp\/v2\/page"}],"about":[{"href":"https:\/\/schtetlstimmen.kzrme.de\/index.php\/wp-json\/wp\/v2\/types\/page"}],"author":[{"embeddable":true,"href":"https:\/\/schtetlstimmen.kzrme.de\/index.php\/wp-json\/wp\/v2\/users\/1"}],"replies":[{"embeddable":true,"href":"https:\/\/schtetlstimmen.kzrme.de\/index.php\/wp-json\/wp\/v2\/comments?post=922"}],"version-history":[{"count":31,"href":"https:\/\/schtetlstimmen.kzrme.de\/index.php\/wp-json\/wp\/v2\/page\/922\/revisions"}],"predecessor-version":[{"id":1154,"href":"https:\/\/schtetlstimmen.kzrme.de\/index.php\/wp-json\/wp\/v2\/page\/922\/revisions\/1154"}],"wp:attachment":[{"href":"https:\/\/schtetlstimmen.kzrme.de\/index.php\/wp-json\/wp\/v2\/media?parent=922"}],"curies":[{"name":"wp","href":"https:\/\/api.w.org\/{rel}","templated":true}]}}